{"id":3938,"date":"2025-06-24T12:14:16","date_gmt":"2025-06-24T10:14:16","guid":{"rendered":"https:\/\/honuahonu.com\/?post_type=product&#038;p=3938"},"modified":"2025-06-24T14:58:27","modified_gmt":"2025-06-24T12:58:27","slug":"un-conte-honua-honu-lilou-epub-version-numerique","status":"publish","type":"product","link":"https:\/\/honuahonu.com\/index.php\/produit\/un-conte-honua-honu-lilou-epub-version-numerique\/","title":{"rendered":"Un conte Honua Honu &#8211; Lilou (version num\u00e9rique)"},"content":{"rendered":"<p>Plongez dans l&rsquo;univers enchanteur de <strong>Honua Honu<\/strong> avec ce livre de contes pour enfant de 6 \u00e0 10 ans !<\/p>\n<p>Embarquez pour une aventure inoubliable sur l&rsquo;\u00eele magique o\u00f9 vivent toutes les Honu. Suivez <strong>Lilou<\/strong>, une petite Honu courageuse, dans sa qu\u00eate pour retrouver l&rsquo;objet pr\u00e9cieux qu&rsquo;elle ch\u00e9rit tant.<\/p>\n<p>Entre myst\u00e8res et rencontres fantastiques, laissez vous emporter par une histoire pleine de tendresse et de magie, id\u00e9ale pour petits et grands r\u00eaveurs.<\/p>\n<p><a href=\"https:\/\/honuahonu.com\/wp-content\/uploads\/2024\/10\/Illustration_Lilou.png\"><img loading=\"lazy\" decoding=\"async\" class=\"aligncenter wp-image-3834 size-medium\" src=\"https:\/\/honuahonu.com\/wp-content\/uploads\/2024\/10\/Illustration_Lilou-300x210.png\" alt=\"Pages ouvertes\" width=\"300\" height=\"210\" srcset=\"https:\/\/honuahonu.com\/wp-content\/uploads\/2024\/10\/Illustration_Lilou-300x210.png 300w, https:\/\/honuahonu.com\/wp-content\/uploads\/2024\/10\/Illustration_Lilou-600x420.png 600w, https:\/\/honuahonu.com\/wp-content\/uploads\/2024\/10\/Illustration_Lilou-1024x717.png 1024w, https:\/\/honuahonu.com\/wp-content\/uploads\/2024\/10\/Illustration_Lilou-768x538.png 768w, https:\/\/honuahonu.com\/wp-content\/uploads\/2024\/10\/Illustration_Lilou-1536x1075.png 1536w, https:\/\/honuahonu.com\/wp-content\/uploads\/2024\/10\/Illustration_Lilou-2048x1434.png 2048w\" sizes=\"auto, (max-width: 300px) 100vw, 300px\" \/><\/a><\/p>\n","protected":false},"excerpt":{"rendered":"<p>En achetant la version num\u00e9rique vous disposerez de deux fichiers :<\/p>\n<ul>\n<li>La version au format Epub pour votre liseuse.<\/li>\n<li>La version au format PDF pour lire partout (pc, t\u00e9l\u00e9phone, etc)<\/li>\n<\/ul>\n<p>Plongez dans l&rsquo;univers enchanteur de <strong>Honua Honu<\/strong> avec ce livre de contes pour enfant de 6 \u00e0 10 ans !<\/p>\n<p>Embarquez pour une aventure inoubliable sur l&rsquo;\u00eele magique o\u00f9 vivent toutes les Honu. Suivez <strong>Lilou<\/strong>, une petite Honu courageuse, dans sa qu\u00eate pour retrouver l&rsquo;objet pr\u00e9cieux qu&rsquo;elle ch\u00e9rit tant.<\/p>\n<p>Entre myst\u00e8res et rencontres fantastiques, laissez vous emporter par une histoire pleine de tendresse et de magie, id\u00e9ale pour petits et grands r\u00eaveurs.<\/p>\n","protected":false},"featured_media":3833,"comment_status":"open","ping_status":"closed","template":"","meta":{"om_disable_all_campaigns":false,"_uag_custom_page_level_css":"","_monsterinsights_skip_tracking":false,"_monsterinsights_sitenote_active":false,"_monsterinsights_sitenote_note":"","_monsterinsights_sitenote_category":0,"_uf_show_specific_survey":0,"_uf_disable_surveys":false,"site-sidebar-layout":"default","site-content-layout":"","ast-site-content-layout":"default","site-content-style":"default","site-sidebar-style":"default","ast-global-header-display":"","ast-banner-title-visibility":"","ast-main-header-display":"","ast-hfb-above-header-display":"","ast-hfb-below-header-display":"","ast-hfb-mobile-header-display":"","site-post-title":"","ast-breadcrumbs-content":"","ast-featured-img":"","footer-sml-layout":"","theme-transparent-header-meta":"default","adv-header-id-meta":"","stick-header-meta":"","header-above-stick-meta":"","header-main-stick-meta":"","header-below-stick-meta":"","astra-migrate-meta-layouts":"set","ast-page-background-enabled":"default","ast-page-background-meta":{"desktop":{"background-color":"var(--ast-global-color-4)","background-image":"","background-repeat":"repeat","background-position":"center center","background-size":"auto","background-attachment":"scroll","background-type":"","background-media":"","overlay-type":"","overlay-color":"","overlay-opacity":"","overlay-gradient":""},"tablet":{"background-color":"","background-image":"","background-repeat":"repeat","background-position":"center center","background-size":"auto","background-attachment":"scroll","background-type":"","background-media":"","overlay-type":"","overlay-color":"","overlay-opacity":"","overlay-gradient":""},"mobile":{"background-color":"","background-image":"","background-repeat":"repeat","background-position":"center center","background-size":"auto","background-attachment":"scroll","background-type":"","background-media":"","overlay-type":"","overlay-color":"","overlay-opacity":"","overlay-gradient":""}},"ast-content-background-meta":{"desktop":{"background-color":"var(--ast-global-color-5)","background-image":"","background-repeat":"repeat","background-position":"center center","background-size":"auto","background-attachment":"scroll","background-type":"","background-media":"","overlay-type":"","overlay-color":"","overlay-opacity":"","overlay-gradient":""},"tablet":{"background-color":"var(--ast-global-color-5)","background-image":"","background-repeat":"repeat","background-position":"center center","background-size":"auto","background-attachment":"scroll","background-type":"","background-media":"","overlay-type":"","overlay-color":"","overlay-opacity":"","overlay-gradient":""},"mobile":{"background-color":"var(--ast-global-color-5)","background-image":"","background-repeat":"repeat","background-position":"center center","background-size":"auto","background-attachment":"scroll","background-type":"","background-media":"","overlay-type":"","overlay-color":"","overlay-opacity":"","overlay-gradient":""}}},"product_brand":[],"product_cat":[110],"product_tag":[],"class_list":{"0":"post-3938","1":"product","2":"type-product","3":"status-publish","4":"has-post-thumbnail","6":"product_cat-livre-de-conte","7":"desktop-align-left","8":"tablet-align-left","9":"mobile-align-left","11":"first","12":"instock","13":"featured","14":"downloadable","15":"virtual","16":"taxable","17":"purchasable","18":"product-type-simple"},"aioseo_notices":[],"uagb_featured_image_src":{"full":["https:\/\/honuahonu.com\/wp-content\/uploads\/2024\/10\/Square_Book_Mockup_1-1.png",2800,1960,false],"thumbnail":["https:\/\/honuahonu.com\/wp-content\/uploads\/2024\/10\/Square_Book_Mockup_1-1-150x150.png",150,150,true],"medium":["https:\/\/honuahonu.com\/wp-content\/uploads\/2024\/10\/Square_Book_Mockup_1-1-300x210.png",300,210,true],"medium_large":["https:\/\/honuahonu.com\/wp-content\/uploads\/2024\/10\/Square_Book_Mockup_1-1-768x538.png",768,538,true],"large":["https:\/\/honuahonu.com\/wp-content\/uploads\/2024\/10\/Square_Book_Mockup_1-1-1024x717.png",1024,717,true],"1536x1536":["https:\/\/honuahonu.com\/wp-content\/uploads\/2024\/10\/Square_Book_Mockup_1-1-1536x1075.png",1536,1075,true],"2048x2048":["https:\/\/honuahonu.com\/wp-content\/uploads\/2024\/10\/Square_Book_Mockup_1-1-2048x1434.png",2048,1434,true],"woocommerce_thumbnail":["https:\/\/honuahonu.com\/wp-content\/uploads\/2024\/10\/Square_Book_Mockup_1-1-300x300.png",300,300,true],"woocommerce_single":["https:\/\/honuahonu.com\/wp-content\/uploads\/2024\/10\/Square_Book_Mockup_1-1-600x420.png",600,420,true],"woocommerce_gallery_thumbnail":["https:\/\/honuahonu.com\/wp-content\/uploads\/2024\/10\/Square_Book_Mockup_1-1-100x100.png",100,100,true]},"uagb_author_info":{"display_name":"Cryptortue","author_link":"https:\/\/honuahonu.com\/index.php\/author\/"},"uagb_comment_info":1,"uagb_excerpt":"En achetant la version num\u00e9rique vous disposerez de deux fichiers : La version au format Epub pour votre liseuse. La version au format PDF pour lire partout (pc, t\u00e9l\u00e9phone, etc) Plongez dans l'univers enchanteur de Honua Honu avec ce livre de contes pour enfant de 6 \u00e0 10 ans ! Embarquez pour une aventure inoubliable\u2026","_links":{"self":[{"href":"https:\/\/honuahonu.com\/index.php\/wp-json\/wp\/v2\/product\/3938","targetHints":{"allow":["GET"]}}],"collection":[{"href":"https:\/\/honuahonu.com\/index.php\/wp-json\/wp\/v2\/product"}],"about":[{"href":"https:\/\/honuahonu.com\/index.php\/wp-json\/wp\/v2\/types\/product"}],"replies":[{"embeddable":true,"href":"https:\/\/honuahonu.com\/index.php\/wp-json\/wp\/v2\/comments?post=3938"}],"wp:featuredmedia":[{"embeddable":true,"href":"https:\/\/honuahonu.com\/index.php\/wp-json\/wp\/v2\/media\/3833"}],"wp:attachment":[{"href":"https:\/\/honuahonu.com\/index.php\/wp-json\/wp\/v2\/media?parent=3938"}],"wp:term":[{"taxonomy":"product_brand","embeddable":true,"href":"https:\/\/honuahonu.com\/index.php\/wp-json\/wp\/v2\/product_brand?post=3938"},{"taxonomy":"product_cat","embeddable":true,"href":"https:\/\/honuahonu.com\/index.php\/wp-json\/wp\/v2\/product_cat?post=3938"},{"taxonomy":"product_tag","embeddable":true,"href":"https:\/\/honuahonu.com\/index.php\/wp-json\/wp\/v2\/product_tag?post=3938"}],"curies":[{"name":"wp","href":"https:\/\/api.w.org\/{rel}","templated":true}]}}